83983
What are the prime factors of 374830?
2, 5, 37483
What are the prime factors of 464724?
2, 3, 13, 331
What are the prime factors of 316190?
2, 5, 7, 4517
List the prime factors of 391418.
2, 195709
What are the prime factors of 368610?
2, 3, 5, 11, 1117
What are the prime factors of 422172?
2, 3, 1303
What are the prime factors of 1026882?
2, 3, 89, 641
List the prime factors of 25159324.
2, 293, 21467
What are the prime factors of 3414763?
11, 310433
What are the prime factors of 1611308?
2, 331, 1217
List the prime factors of 2073630.
2, 3, 5, 13, 409
What are the prime factors of 3540573?
3, 17, 73, 317
What are the prime factors of 14700759?
3, 241, 20333
List the prime factors of 17021649.
3, 5673883
List the prime factors of 9671897.
89, 109, 997
List the prime factors of 18388928.
2, 287327
List the prime factors of 1253659.
11, 113969
What are the prime factors of 23309654?
2, 569, 20483
What are the prime factors of 626540?
2, 5, 31327
What are the prime factors of 15639579?
3, 47, 36973
List the prime factors of 477684.
2, 3, 4423
List the prime factors of 116320.
2, 5, 727
List the prime factors of 868967.
11, 197, 401
List the prime factors of 342496.
2, 7, 11, 139
List the prime factors of 389229.
3, 23, 5641
What are the prime factors of 587511?
3, 29, 2251
List the prime factors of 4573461.
3, 31, 49177
List the prime factors of 1752386.
2, 876193
List the prime factors of 28197552.
2, 3, 37, 15877
List the prime factors of 32412853.
11, 2946623
What are the prime factors of 17345?
5, 3469
What are the prime factors of 1021904?
2, 13, 17
List the prime factors of 4412912.
2, 7, 31, 41
List the prime factors of 3394750.
2, 5, 37, 367
List the prime factors of 227356.
2, 113, 503
What are the prime factors of 405140?
2, 5, 47, 431
What are the prime factors of 230409?
3, 25601
List the prime factors of 1129633.
17, 66449
What are the prime factors of 10088539?
757, 13327
What are the prime factors of 168995?
5, 73, 463
What are the prime factors of 8683801?
7, 1240543
What are the prime factors of 2322392?
2, 61, 4759
What are the prime factors of 3665981?
11, 333271
What are the prime factors of 449374?
2, 23, 9769
What are the prime factors of 10320877?
7, 1474411
List the prime factors of 423676.
2, 11, 9629
List the prime factors of 2254916.
2, 577, 977
List the prime factors of 1469798.
2, 11, 66809
List the prime factors of 48171.
3, 16057
What are the prime factors of 6774915?
3, 5, 7, 113, 571
What are the prime factors of 3744242?
2, 31, 131, 461
What are the prime factors of 14031616?
2, 59, 929
What are the prime factors of 1637499?
3, 41, 13313
What are the prime factors of 1415437?
17, 139, 599
What are the prime factors of 1517113?
13, 47, 191
What are the prime factors of 9553888?
2, 298559
What are the prime factors of 264325?
5, 97, 109
List the prime factors of 442473.
3, 83, 1777
What are the prime factors of 944042?
2, 11, 47, 83
List the prime factors of 821390.
2, 5, 82139
What are the prime factors of 8826237?
3, 7, 29, 4831
What are the prime factors of 9655517?
9655517
What are the prime factors of 437921?
11, 41, 971
What are the prime factors of 199643?
181, 1103
What are the prime factors of 84215?
5, 16843
List the prime factors of 7159680.
2, 3, 5, 11, 113
List the prime factors of 60408.
2, 3, 839
List the prime factors of 923225.
5, 36929
List the prime factors of 603273.
3, 11, 101, 181
List the prime factors of 7211480.
2, 5, 180287
List the prime factors of 14251037.
59, 241543
List the prime factors of 105878.
2, 167, 317
What are the prime factors of 174404?
2, 59, 739
List the prime factors of 181355.
5, 19, 23, 83
What are the prime factors of 259027?
19, 13633
What are the prime factors of 1065992?
2, 227, 587
What are the prime factors of 757605?
3, 5, 17, 2971
What are the prime factors of 406972?
2, 71, 1433
What are the prime factors of 707335?
5, 241, 587
What are the prime factors of 219666?
2, 3, 31, 1181
What are the prime factors of 385433?
385433
What are the prime factors of 2464332?
2, 3, 13, 15797
What are the prime factors of 791972?
2, 127, 1559
List the prime factors of 3904212.
2, 3, 13, 29, 863
What are the prime factors of 40838?
2, 7, 2917
List the prime factors of 47698.
2, 7, 3407
List the prime factors of 389033.
563, 691
List the prime factors of 463394.
2, 223, 1039
List the prime factors of 2356987.
71, 89, 373
What are the prime factors of 254932?
2, 17, 23, 163
List the prime factors of 509700.
2, 3, 5, 1699
What are the prime factors of 2278?
2, 17, 67
What are the prime factors of 14729?
11, 13, 103
List the prime factors of 647000.
2, 5, 647
What are the prime factors of 1688312?
2, 211039
List the prime factors of 388557.
3, 13, 41
List the prime factors of 343397.
37, 9281
List the prime factors of 9180.
2, 3, 5, 17
What are the prime factors of 6133795?
5, 97, 12647
What are the prime factors of 1678194?
2, 3, 7, 19, 701
What are the prime factors of 1134092?
2, 227, 1249
What are the prime factors of 950432?
2, 7, 4243
What are the prime factors of 819388?
2, 79, 2593
What are the prime factors of 9005824?
2, 127, 277
List the prime factors of 19696.
2, 1231
What are the prime factors of 6853890?
2, 3, 5, 17, 89, 151
List the prime factors of 93454.
2, 46727
What are the prime factors of 7921297?
263, 30119
What are the prime factors of 4818849?
3, 7, 229469
What are the prime factors of 330659?
7, 47237
List the prime factors of 3485396.
2, 871349
List the prime factors of 11037269.
11037269
What are the prime factors of 5968508?
2, 7, 13, 19, 863
List the prime factors of 91985.
5, 18397
List the prime factors of 100207.
100207
What are the prime factors of 396882?
2, 3, 17, 1297
List the prime factors of 66350.
2, 5, 1327
What are the prime factors of 9269107?
1879, 4933
List the prime factors of 3376402.
2, 1688201
List the prime factors of 427863.
3, 127, 1123
What are the prime factors of 2381361?
3, 793787
What are the prime factors of 235183?
13, 79, 229
What are the prime factors of 1216769?
23, 52903
What are the prime factors of 514144?
2, 16067
What are the prime factors of 2105191?
11, 97, 1973
What are the prime factors of 1377601?
1377601
What are the prime factors of 141281?
7, 20183
What are the prime factors of 364287?
3, 7, 11, 19, 83
List the prime factors of 1290598.
2, 41, 15739
What are the prime factors of 10277360?
2, 5, 128467
What are the prime factors of 230805?
3, 5, 23, 223
List the prime factors of 208984.
2, 151, 173
List the prime factors of 19437891.
3, 11, 589027
List the prime factors of 14640825.
3, 5, 17, 11483
List the prime factors of 18119336.
2, 2264917
What are the prime factors of 1241330?
2, 5, 124133
What are the prime factors of 1515364?
2, 19, 127, 157
What are the prime factors of 1261973?
1261973
List the prime factors of 1598889.
3, 449, 1187
List the prime factors of 4960064.
2, 19, 4079
List the prime factors of 6576946.
2, 3288473
What are the prime factors of 7871213?
7, 160637
List the prime factors of 76095.
3, 5, 19, 89
What are the prime factors of 828871?
828871
List the prime factors of 90898.
2, 47, 967
What are the prime factors of 9791055?
3, 5, 217579
What are the prime factors of 4972712?
2, 173, 3593
List the prime factors of 3496106.
2, 1748053
List the prime factors of 57564.
2, 3, 13, 41
List the prime factors of 2442459.
3, 31, 26263
What are the prime factors of 171616?
2, 31, 173
What are the prime factors of 3978387?
3, 7, 63149
What are the prime factors of 40591?
40591
What are the prime factors of 567144?
2, 3, 7877
List the prime factors of 951627.
3, 317209
List the prime factors of 21516873.
3, 7, 19, 53927
What are the prime factors of 17521250?
2, 5, 107, 131
List the prime factors of 224828.
2, 56207
List the prime factors of 539400.
2, 3, 5, 29, 31
List the prime factors of 5215863.
3, 1738621
What are the prime factors of 520903?
173, 3011
List the prime factors of 195547.
11, 29, 613
What are the prime factors of 1301563?
1091, 1193
What are the prime factors of 18159185?
5, 11, 330167
What are the prime factors of 327172?
2, 263, 311
What are the prime factors of 160713?
3, 7, 2551
List the prime factors of 4995017.
4995017
What are the prime factors of 2582093